 = -c + o. Calculate the remainder when c is divided by 31.
27
Let z(s) = s**2 - 1 + 2 + s - 2*s**2 + 2*s**2. Let h be z(1). Calculate the remainder when 47 is divided by 94/6 + h/9.
15
Suppose -29*f - 1004 = -33*f. Calculate the remainder when f is divided by 63.
62
Let w(q) = -q**3 + 2*q**2 - 2*q - 2. Suppose -3*p = -24*p + 1050. Let v = p - 19. Calculate the remainder when v is divided by w(-2).
13
Suppose 0 = p - 4*p. Suppose 2*i + 2*q - 40 = -p*i, 2*i + 5*q = 34. Suppose -r = -3*y + 3*r + 40, 4 = -r. What is the remainder when i is divided by y?
6
Let h be 6/(-27) + 76/18. Let o(c) be the third derivative of c**6/120 - c**5/20 + 2*c**3/3 - c**2 + 16*c. What is the remainder when 38 is divided by o(h)?
18
Suppose 243 = 6*p + 3*p. What is the remainder when p is divided by 6?
3
Let h(d) = -4*d**3 - 3*d**2 + 2. Let t be (6/18)/(1/(-6)). What is the remainder when 37 is divided by h(t)?
15
Let t = -7722 + 7903. Let d(h) = 45*h**2 + 1. What is the remainder when t is divided by d(1)?
43
Calculate the remainder when 36/30 + (-328)/(-10) is divided by 19.
15
Let p be (-8)/(-12) + (-68)/(-6). Let c = -15 + p. What is the remainder when 14 is divided by c/9*-3 + 4?
4
Suppose 0 = -5*m - 5*q + 46 + 44, -5*q - 15 = -2*m. Suppose f - m = -1. Calculate the remainder when f is divided by 75/(-65) + 1 + 212/26.
6
What is the remainder when 54/81 + (-1042)/(-3) is divided by 25?
23
Suppose 4*x + 672 = 7*x. What is the remainder when x/12*(-18)/(-8) is divided by 2?
0
Suppose -1283*f - 1856 = -1312*f. What is the remainder when 265 is divided by f?
9
Suppose 3*r - 2 = 5*d - 24, -2*d + 3*r = -7. Suppose -d*h - 12 - 1 = 2*u, 5*h - 2*u + 17 = 0. Calculate the remainder when (-14)/h - (-15)/45 is divided by 2.
1
Let a(j) = -j**3 - 8*j**2 - 3*j + 1. What is the remainder when 10*1 - 9718/(-86) is divided by a(-8)?
23
Let a be 136/40 - (-2)/(-5). Suppose 8*c = a*c - 10, -4*l = -c - 54. Calculate the remainder when 36 is divided by l.
10
Let i(n) = n**2 - 6*n - 2. Let t be i(7). Suppose j = t - 4. Suppose 0 = a + j - 39. Calculate the remainder when a is divided by 13.
12
Let f(u) = 3*u**2 + 3. Let k be (11 - 6)*(0 + 2/(-5)). What is the remainder when 58 is divided by f(k)?
13
Let s(d) = -d**3 + d**2 - 2*d - 235. Let w be s(0). Let x = w - -417. What is the remainder when x is divided by 46?
44
Let w = 151 + -90. Suppose 0 = -3*d + 5*o - 1, -3 + 1 = 2*d - 3*o. Let u(s) = s**3 + 8*s**2 + 3*s + 4. What is the remainder when w is divided by u(d)?
29
Let u = 23 - 30. Let v(g) = g**3 + 6*g**2 - 7*g + 3. Let p be v(u). Calculate the remainder when (p + (3 - 1))*3 is divided by 9.
6
Suppose -147 - 84 - 333 = -141*s. Let m(j) = 7*j + 2. Let r(o) = -3*o - 1. Let x(l) = 4*m(l) + 9*r(l). What is the remainder when x(7) is divided by s?
2
Let r(k) = 2*k - 2. Let i be r(-1). Calculate the remainder when 41 is divided by i/10*3*175/(-15).
13
Let o be (1 + 0/1)/((-1)/3). Let n(q) = q**3 + 5*q**2 - q - 8. Calculate the remainder when n(o) is divided by 6.
1
Suppose -97*a - 3408 = -105*a. What is the remainder when a is divided by 13?
10
Suppose 0 = -2*p - 18*p + 60. What is the remainder when 57 is divided by p?
0
What is the remainder when 9 is divided by (0 - -2)*110/44?
4
Let h be ((-4)/6)/((-3)/36). Let z = -175 + 154. Let c = h - z. Calculate the remainder when c is divided by 8.
5
Let r(g) = -8*g + 70. Suppose 4*n - 6 = 146. What is the remainder when n is divided by r(7)?
10
Suppose 108 + 97 = 5*x. Suppose 5*s + 140 = f, 2*f + 2*s - 112 = f. What is the remainder when f is divided by x?
38
Suppose -3*t - 5*g + 161 = -t, 3*g = -2*t + 151. Let f = 79 - t. Calculate the remainder when 174 is divided by f.
9
Let w = 359 - -449. Calculate the remainder when w is divided by 58.
54
Suppose -4*t + 35 + 37 = 0. What is the remainder when 87 is divided by t?
15
Let g = -475 - -504. Calculate the remainder when 74 is divided by g.
16
Suppose -1248 = -100*d + 4*d. Calculate the remainder when 49 is divided by d.
10
Suppose -64 = -5*g + 4*z, 0*g - 5*g + 55 = 5*z. Calculate the remainder when (g/10)/((-1)/(-15)) is divided by (1/3)/(2/30).
3
Suppose -44*p - 408 = -47*p. Suppose 5*m + p = 7*m. Calculate the remainder when m is divided by 14.
12
Let h(w) = w**3 - 18*w**2 + 59*w - 34. What is the remainder when 11 is divided by h(14)?
3
Let u(t) = 12*t**2 + 10*t + 34. What is the remainder when u(-5) is divided by 12?
8
Suppose -5*n + 2*l + 153 = -0*l, 2*n + 2*l - 64 = 0. Calculate the remainder when 90 is divided by 3*n/9*(1 + 2).
28
Let s(c) = -c**3 - 12*c**2 + 7*c - 38. Let l be s(-13). Suppose l + 56 = 2*z. What is the remainder when z is divided by 13?
9
Suppose 7*t = 6*t + 10. Let p(k) = k**3 - 9*k**2 - 2*k - 11. Calculate the remainder when p(t) is divided by (-2)/(-11) - 196/(-11).
15
Suppose -2*t = -s + 5*s - 76, 4*t - 5*s - 204 = 0. Let n = 41 - 17. Calculate the remainder when t is divided by n.
22
What is the remainder when -2 + 1 + 4 - -85 is divided by 7?
4
Let z(q) = 4*q + 5. Let x = -25 + 33. What is the remainder when z(x) is divided by 10?
7
Let z be 3*3/(36/20). Suppose 0 = 2*o - 26 + 6. What is the remainder when (-143)/(-5) + (-3)/z is divided by o?
8
Suppose 3*m + n + 691 = 0, m + n = -4*n - 235. What is the remainder when (-1)/(-4) + m/(-8) is divided by 10?
9
Let o(w) = w + 0*w**2 - 6*w + w**2 - 23 + 2*w. Let l be o(7). Suppose 4*y - 3*i - 72 = -l, 5*i = -5. What is the remainder when y is divided by 6?
4
Suppose 5*k - 36 = -3*x - 7, 5*k = -2*x + 31. Suppose 2*d - 3*g = 3*d + 9, 3*d + 5*g = -k. What is the remainder when d is divided by 6?
0
Suppose h = -2 + 6. Suppose 4*n = n + 3*f + 285, 380 = h*n + 5*f. Calculate the remainder when n is divided by 14.
11
What is the remainder when 202 is divided by -2*((-1)/4 + (-656)/64)?
13
Let o(h) = -h + 4. Let i be o(5). Suppose -3*n = -5*g - 0*n + 113, 2*g = -5*n + 39. Calculate the remainder when -2 + i - 352/(-4) is divided by g.
19
Suppose 2*d = 9 + 69. Let t = -48 - -43. Calculate the remainder when d is divided by (t + 26)*(-2)/(-3).
11
Let p = -143 + 226. What is the remainder when p is divided by 28?
27
Suppose 9 = i + 1. Suppose q - 43 + i = 0. Calculate the remainder when q is divided by 9.
8
Suppose 0 = -2*t - 3*v + 500, -4*v + 728 + 20 = 3*t. Calculate the remainder when t is divided by 41.
39
Let c be ((-81)/15)/((-12)/40). Suppose 7*n = -c + 144. What is the remainder when n is divided by -4*(-1 - (-1)/(-4))?
3
What is the remainder when -12 + (2 - -3) + 309 is divided by 17?
13
Suppose -62 - 22 = -6*z. Calculate the remainder when 805/z + 1 + (-1)/2 is divided by 12.
10
Let i(b) = -48*b + 1 - 53*b + 104*b + 9*b**2 + 5 - b**3. Calculate the remainder when 129 is divided by i(9).
30
Suppose 2*s - 259 - 81 = 0. Calculate the remainder when s is divided by 33.
5
Let u(f) = -11*f - 2. Suppose r + 1 = -2*b, 12 = 4*r + 2*b - 2. Suppose r = -2*k - y, -y = 4*y + 5. Calculate the remainder when u(k) is divided by 7.
6
What is the remainder when (-12 - -13) + (1 + 1 - -175) is divided by 12?
10
Let d(g) = -g**2 + 13*g - 21. Let u be d(10). Suppose -u*h + 16 = -119. What is the remainder when h is divided by 6?
3
Let t = 20 + -11. Let s = t + 2. What is the remainder when 41 is divided by s?
8
Calculate the remainder when 0 + ((-1872)/(-6) - -6) is divided by 10.
8
Suppose 2*i = -3*s + 153, 21*s = -3*i + 22*s + 246. Calculate the remainder when 234 is divided by i.
72
Let s(i) = 3*i**2 + 5*i + 6. Suppose 0 = -v + 2 - 0. Suppose 0 = 2*g + v + 6. Calculate the remainder when s(g) is divided by 9.
7
Let x be (1 - 1)/(-6 + 10). Suppose -i + x*i = -16. What is the remainder when 61 is divided by i?
13
Let f(z) = z**3 - 6*z**2 + 2. Let g be f(6). Let h(x) = x - 2. Let u be h(g). Suppose u = -0*r + 2*r - 36. What is the remainder when r is divided by 10?
8
Suppose -12 + 3 = -9*s. Calculate the remainder when s is divided by 1.
0
Let n be 2/8 - 155/(-20). Calculate the remainder when 2/8 - (-59)/4 is divided by n/6*99/22.
3
Suppose -8 = -5*o + 12. What is the remainder when o/(-1) + 4 - -34 is divided by 18?
16
Let s(j) = -30*j - 55. Calculate the remainder when 166 is divided by s(-3).
26
Calculate the remainder when (1/2)/(2/124) is divided by 6.
1
Let l(s) = -s**2 + 4*s + 3. Let q be l(-5). Let g = -37 - q. What is the 